 = 2*o - 16. What is the greatest common divisor of o and 6?
2
Suppose 5*r + c + 59 = 0, r - 2*c = -2*r - 25. Let q = r + 23. Let g = -17 + 29. What is the greatest common factor of g and q?
12
Let z be 40/60*(5 - (2 - 0)). Suppose -z*t - 90 = -8*t. Calculate the highest common divisor of 105 and t.
15
Suppose 3*h + h - 3*a + 77 = 0, 0 = 2*h - 4*a + 46. Let c = 37 + h. Let v = 164 - 84. What is the greatest common factor of v and c?
20
Suppose 3*s + 15 = r, -5*s + 9 + 34 = 4*r. Calculate the greatest common factor of 64 and r.
4
Suppose -w + 56*d + 15 = 57*d, -4*w + 60 = d. Let f be ((-3)/4)/(5/(-80)). What is the highest common factor of w and f?
3
Let o = 5 + 1. Let q be o + (-1)/(-4)*0. Suppose 5*i + 4*c - 3 + 4 = 0, 2*i - 2*c = 14. What is the highest common divisor of i and q?
3
Suppose -2*u = -3*m - u + 7, 3*u = 2*m + 7. Suppose -m*i + w + 224 = 0, 2*i - 7*i = 2*w - 293. What is the greatest common divisor of 38 and i?
19
Let b be (-48)/(1*18/(-4) - -3). Calculate the greatest common factor of b and 2.
2
Let x = -1 + -3. Let t = x - -6. Suppose t*d - d = 29. Calculate the greatest common divisor of 232 and d.
29
Suppose 0 = 13*n + 2*n - 45. Let i be (-12)/10*(-10)/(-4). Let d(o) = -o**2 - 5*o. Let a be d(i). Calculate the greatest common factor of a and n.
3
Let u be 2/((-3)/(-6*1)). Let m(r) = -r**3 + 6*r**2 + 4*r - 1. Let g(f) = 4*f + 1. Let x be g(1). Let a be m(x). What is the highest common divisor of a and u?
4
Suppose 42*l - 870 = 37*l. What is the greatest common factor of l and 6?
6
Let p be (-12)/(-18) + (-58)/(-3). Suppose -6*u + u + p = 0. Suppose -u*f + 191 = -157. Calculate the highest common divisor of f and 29.
29
Let h = 423 + -414. Calculate the greatest common factor of 9 and h.
9
Let y be -77 + (-8)/(-8) + (1 - 0). Let v = y + 80. What is the highest common divisor of v and 5?
5
Let c be -2*-13*(-1 + (-3 - -5)). Calculate the highest common factor of c and 26.
26
Let y(t) = -219*t + 3376. Let w be y(15). Let l = -8 - -15. What is the highest common factor of l and w?
7
Let h be (-1)/(-8) + (-390)/(-80). Suppose 3*j + h*c = 76, -2*j + 0*c + 46 = c. Suppose 0 = 5*g - 911 - 299. What is the greatest common divisor of g and j?
22
Let w be (7/(-1))/(-1 + 0). Let o = -2 + 5. Suppose 8 + 34 = o*h. Calculate the highest common divisor of w and h.
7
Let y(t) = -2*t**3 - 15*t**2 - 9*t - 10. Let w be y(-7). Suppose 21 = g + 3*p, -3*g + 118 = -w*p + 2*p. What is the greatest common divisor of 54 and g?
18
Let t be (-192)/(-2) - ((-24)/8 - -8). What is the greatest common factor of 130 and t?
13
Let n = -69 + 74. Suppose -3*p - n*w + 0*w + 383 = 0, -564 = -4*p + 4*w. What is the highest common factor of 17 and p?
17
Suppose 2*o + 22 = 3*w - 16, -4*w = 5*o - 89. Let t = -123 + 141. Let f be 4/t - -34*5/45. What is the highest common divisor of f and w?
4
Let s(j) be the second derivative of j**4/12 + 2*j**3/3 - 2*j**2 + 3*j + 18. Let c = 10 + -4. Let n be s(c). What is the highest common factor of 7 and n?
7
Let p(v) = 11*v. Let d be p(2). Let u = 974 - 908. Calculate the greatest common divisor of u and d.
22
Let f = -56 + 59. Suppose -134 = -2*w - f*o - 48, 4*w - 168 = -4*o. What is the greatest common divisor of 20 and w?
20
Let o be 3/(-12) + 324/16. Suppose -o - 20 = -l. Calculate the greatest common factor of 16 and l.
8
Suppose 10032 = 17*o + 7*o. What is the greatest common factor of 2 and o?
2
Let y(s) = 1. Let r(t) = -t**2 - 3*t - 9. Let l(c) = -r(c) - 6*y(c). Let b be l(-1). Calculate the highest common factor of b and 11.
1
Let d = -1 + 11. Let a be d/(-45) - 4/(-18). Suppose 5*k + 4*r - 2 + 0 = 0, -3*k - 4*r - 2 = a. Calculate the greatest common factor of k and 1.
1
Suppose 3 = -h - 15. Let a = h + 25. Let o = 8 + a. Calculate the highest common divisor of o and 135.
15
Let d(n) = 61*n + 10. Let f be d(3). Suppose -f + 77 = -j. Calculate the highest common divisor of 29 and j.
29
Suppose 24*a - 82 = 326. What is the greatest common divisor of 544 and a?
17
Let j be 4 - (600/(-4) - 0). Suppose j = 2*c + 46. Suppose 2*k = -c + 486. What is the highest common divisor of k and 27?
27
Let q be (3724 + 6 + -1)*8/12. What is the highest common divisor of q and 113?
113
Suppose -2*p = p. Suppose p = 2*o - 4*z + 14, 7*o - 3*o + 5*z = -28. Let v(a) = a**2 - 9*a + 9. Let s be v(o). What is the greatest common factor of s and 11?
11
Suppose 5*w - 8 = w. Suppose 5*a = 72 - w. Suppose 21*z = 1359 + 699. Calculate the greatest common divisor of z and a.
14
Suppose 3*y - 8*y - 985 = -2*j, 0 = -2*j + 2*y + 970. What is the highest common factor of 288 and j?
96
Let f = -612 + 628. Calculate the greatest common factor of 152 and f.
8
Let o(j) = -2*j - 10. Let g be o(-9). Suppose g*h = 2*h + 24. What is the highest common factor of h and 10?
2
Suppose 581 - 1029 = -4*n. Suppose 32 = -3*w + 5*w. Calculate the greatest common divisor of w and n.
16
Let y = 52 - 3. Suppose k + 327 = 132. Let i = k + 202. What is the highest common divisor of y and i?
7
Let b = -5 - -8. Suppose -3*r - 25 = -w, 0*r + r + 51 = b*w. Let n = 36 - 32. What is the greatest common divisor of w and n?
4
Suppose -11*k = 376 - 1091. What is the highest common divisor of k and 13?
13
Let f = -242 + 253. What is the highest common divisor of 605 and f?
11
Suppose g + 5*s + 2 - 6 = 0, -5*s - 38 = -2*g. Let m = -163 - -184. Calculate the highest common factor of m and g.
7
Let i be 4900/(-147)*102/(-5). Calculate the greatest common factor of i and 8.
8
Let w(j) = -j**2 - 33*j - 89. Let n be w(-5). Calculate the greatest common divisor of n and 408.
51
Suppose 3*g - 9 = 4*g. Let h be -2 - (-1 - g/(-1)). Calculate the highest common divisor of 2 and h.
2
Let n be -1 + 30 - (-1 - -1). Let k = 15 + n. Let d(h) = -39*h - 12. Let s be d(-2). Calculate the highest common divisor of k and s.
22
Let u(s) be the second derivative of -s**4/12 + s**3/6 + 7*s**2/2 - s. Let n = -309 - -309. Let y be u(n). What is the greatest common divisor of 21 and y?
7
Suppose 651 = 8*r - 53. What is the greatest common divisor of r and 11?
11
Let p be (4/8 - -2)*-14. Let c = p - -130. Calculate the highest common divisor of 38 and c.
19
Let v(s) = -s**3 + 5*s**2 + s. Let w be v(4). Let k(c) = c**2 - 4*c. Let y be k(5). Let m = 5 + y. Calculate the greatest common divisor of w and m.
10
Let z(x) = x**2 + 12*x + 30. Let h be z(-9). Let l be (-2)/h*(4 + -88). Calculate the highest common factor of l and 8.
8
Suppose -18*f = -16*f - 182. Let h(l) = -l**2 + 8*l - 2. Let b be h(3). What is the highest common divisor of b and f?
13
Let a = 8 + -3. Suppose -14*r - 72 + 422 = 0. What is the highest common divisor of r and a?
5
Suppose -5*n = -3*h - 138, -3*n + 110 = -h + 6*h. What is the highest common factor of 210 and n?
30
Suppose 7*b - 2*b = 135. Suppose 6*q - 278 = 4*q. Let d = q + -130. What is the greatest common divisor of d and b?
9
Suppose 0 = m - 3*w - 4, 4 = m - 0*m + 5*w. Let t = 20 + 12. Calculate the highest common factor of m and t.
4
Let j(s) = s + 150. Let i be j(0). Suppose -5*k = 6*m - 3*m - i, 2*m - 90 = -3*k. What is the greatest common divisor of k and 12?
6
Let z(m) = -69*m**3 + m**2 - m - 1. Let j(d) = -d - 4. Let r be j(-3). Let n be z(r). Suppose 66 = 9*x - 60. Calculate the highest common factor of n and x.
14
Suppose 11*n - 4112 = 310. What is the greatest common divisor of n and 6?
6
Suppose -m + 13 = -2*m - t, -5*m - 70 = 4*t. Let a be 872/36 - (-4)/m. What is the highest common divisor of a and 120?
24
Let f be (14/(-1))/(1*-2). Let m be 616/66*(1*-9)/(-3). Calculate the greatest common factor of f and m.
7
Suppose -4*p + 4710 = 766. Calculate the highest common factor of 34 and p.
34
Suppose 2*w - 275 - 253 = 0. What is the highest common divisor of 11 and w?
11
Suppose -72*n = 2*g - 74*n - 142, 0 = -3*n + 12. Calculate the greatest common divisor of 45 and g.
15
Let v(o) = o**3 - o**2 + o - 4. Let z be -2 - (-24)/9 - 76/(-12). Let q be v(z). Calculate the greatest common factor of 33 and q.
33
Let l(r) = 13*r + 74. Let d be l(6). Calculate the highest common factor of 38 and d.
38
Let d be (10/(-15))/((-3)/7371). Calculate the highest common factor of d and 39.
39
Let a(n) = -13*n - 8. Let w be a(-6). Let y be (21/6)/((-2)/(-20)). Calculate the highest common divisor